ulate the highest common factor of 256 and 8.
8
What is the greatest common factor of 14833 and 455?
91
Calculate the highest common factor of 93 and 713.
31
Calculate the greatest common divisor of 1440 and 18.
18
What is the greatest common divisor of 104 and 26?
26
What is the greatest common divisor of 848 and 159?
53
What is the greatest common divisor of 19062 and 54?
54
What is the greatest common divisor of 5376 and 42?
42
What is the highest common factor of 611 and 893?
47
What is the highest common divisor of 45 and 2205?
45
Calculate the greatest common factor of 374 and 34.
34
Calculate the highest common factor of 10 and 5.
5
What is the highest common factor of 9223 and 1604?
401
Calculate the highest common divisor of 752 and 64.
16
Calculate the highest common factor of 10 and 9410.
10
Calculate the greatest common divisor of 4472 and 4.
4
What is the greatest common divisor of 106 and 13886?
106
Calculate the greatest common factor of 4 and 16416.
4
What is the highest common divisor of 667 and 713?
23
What is the highest common divisor of 48 and 4976?
16
What is the highest common divisor of 13 and 4888?
13
What is the highest common factor of 18 and 5859?
9
What is the highest common divisor of 1375 and 11?
11
Calculate the greatest common divisor of 81 and 2025.
81
What is the highest common divisor of 2958 and 696?
174
What is the greatest common factor of 2405 and 260?
65
Calculate the greatest common factor of 240 and 4980.
60
Calculate the greatest common divisor of 2277 and 69.
69
What is the greatest common divisor of 115 and 759?
23
Calculate the highest common divisor of 18 and 34.
2
Calculate the greatest common divisor of 7 and 329.
7
Calculate the highest common divisor of 2310 and 140.
70
What is the greatest common divisor of 234 and 78?
78
Calculate the greatest common divisor of 23 and 1127.
23
Calculate the highest common divisor of 14 and 776.
2
What is the greatest common factor of 60904 and 184?
184
What is the highest common divisor of 465 and 10?
5
What is the highest common factor of 747 and 9?
9
Calculate the greatest common divisor of 9 and 17.
1
Calculate the highest common divisor of 5053 and 2.
1
Calculate the highest common factor of 74 and 12.
2
Calculate the highest common divisor of 29 and 29.
29
Calculate the highest common factor of 5188 and 8.
4
Calculate the highest common factor of 565 and 452.
113
Calculate the highest common divisor of 140 and 3920.
140
What is the greatest common factor of 180 and 6237?
9
Calculate the highest common factor of 30 and 20.
10
What is the greatest common factor of 65 and 91?
13
Calculate the highest common factor of 15 and 705.
15
Calculate the highest common divisor of 74 and 54279.
37
Calculate the highest common divisor of 515 and 5.
5
Calculate the highest common divisor of 135 and 81.
27
What is the highest common factor of 187 and 77?
11
Calculate the highest common factor of 44 and 407.
11
Calculate the greatest common divisor of 301 and 45451.
301
What is the greatest common divisor of 24 and 23004?
12
What is the greatest common factor of 21 and 4?
1
Calculate the highest common divisor of 76 and 209.
19
Calculate the highest common factor of 108 and 27.
27
Calculate the greatest common divisor of 25 and 2125.
25
Calculate the highest common divisor of 33 and 473.
11
What is the greatest common divisor of 4 and 2?
2
What is the highest common factor of 26 and 598?
26
Calculate the greatest common factor of 558 and 18.
18
What is the highest common factor of 1380 and 1610?
230
What is the greatest common factor of 2401 and 14?
7
What is the greatest common divisor of 6090 and 30?
30
What is the highest common factor of 19 and 16?
1
What is the highest common factor of 4223 and 533?
41
What is the highest common divisor of 360 and 3060?
180
What is the greatest common factor of 1406 and 76?
38
What is the highest common divisor of 18 and 240?
6
What is the greatest common divisor of 11 and 3179?
11
What is the greatest common factor of 10 and 8?
2
Calculate the greatest common factor of 132 and 5316.
12
What is the highest common factor of 23050 and 50?
50
Calculate the highest common factor of 126 and 462.
42
Calculate the greatest common divisor of 65 and 26.
13
Calculate the greatest common factor of 1536 and 8.
8
Calculate the greatest common divisor of 686 and 10.
2
Calculate the greatest common divisor of 234 and 162.
18
What is the greatest common divisor of 200 and 450?
50
What is the highest common divisor of 189 and 147?
21
Calculate the greatest common factor of 10064 and 272.
272
What is the highest common divisor of 278 and 29051?
139
Calculate the highest common divisor of 266 and 15694.
266
Calculate the highest common factor of 301 and 43.
43
What is the highest common factor of 12 and 21612?
12
Calculate the highest common divisor of 258 and 30358.
86
Calculate the greatest common divisor of 10620 and 12.
12
Calculate the greatest common factor of 212 and 16642.
106
What is the greatest common factor of 93 and 1860?
93
Calculate the greatest common divisor of 168 and 112.
56
What is the highest common divisor of 168 and 189?
21
Calculate the greatest common factor of 2943 and 27.
27
Calculate the greatest common divisor of 288 and 2048.
32
Calculate the highest common factor of 13 and 7631.
13
Calculate the greatest common divisor of 420 and 120.
60
What is the highest common factor of 43 and 1204?
43
Calculate the highest common factor of 26 and 208.
26
What is the greatest common divisor of 286 and 66?
22
What is the greatest common divisor of 234 and 18?
18
Calculate the highest common divisor of 885 and 2773.
59
What is the highest common factor of 37 and 14023?
37
Calculate the highest common divisor of 459 and 432.
27
What is the greatest common factor of 238 and 308?
14
Calculate the greatest common factor of 96 and 3632.
16
What is the greatest common divisor of 864 and 2052?
108
Calculate the greatest common divisor of 75 and 49425.
75
What is the greatest common factor of 121 and 143?
11
What is the greatest common factor of 1961 and 37?
37
Calculate the highest common divisor of 280 and 11060.
140
What is the highest common divisor of 33 and 88?
11
Calculate the highest common factor of 851 and 23.
23
What is the highest common factor of 10 and 105?
5
Calculate the highest common divisor of 288 and 560.
16
Calculate the greatest common divisor of 1048 and 8122.
262
What is the highest common divisor of 22 and 42537?
11
Calculate the highest common divisor of 17300 and 200.
100
What is the greatest common factor of 2227 and 393?
131
Calculate the highest common divisor of 2392 and 1472.
184
What is the greatest common divisor of 92 and 3841?
23
Calculate the highest common divisor of 27 and 279.
9
Calculate the greatest common factor of 4 and 106.
2
What is the greatest common divisor of 2 and 11338?
2
Calculate the highest common factor of 551 and 76.
19
Calculate the highest common factor of 923 and 377.
13
What is the highest common divisor of 32 and 592?
16
Calculate the greatest common divisor of 234 and 104.
26
What is the greatest common factor of 3510 and 180?
90
Calculate the greatest common factor of 243 and 72.
9
Calculate the highest common factor of 51 and 177.
3
Calculate the highest common factor of 210 and 90.
30
Calculate the highest common divisor of 2160 and 160.
80
Calculate the greatest common divisor of 84279 and 39.
39
Calculate the greatest common factor of 2368 and 74.
74
What is the highest common divisor of 426 and 6?
6
Calculate the greatest common divisor of 11 and 1.
1
Calculate the greatest common factor of 2 and 256.
2
What is the highest common factor of 3692 and 52?
52
Calculate the greatest common factor of 19 and 266.
19
Calculate the highest common divisor of 6324 and 612.
204
Calculate the highest common factor of 392 and 8792.
56
Calculate the greatest common divisor of 612 and 34.
34
What is the greatest common divisor of 27 and 37935?
27
What is the highest common factor of 11132 and 92?
92
What is the highest common divisor of 56 and 2800?
56
What is the greatest common divisor of 267 and 3?
3
Calculate the highest common factor of 28 and 20.
4
What is the highest common div